{"id":48,"date":"2019-02-20T21:26:32","date_gmt":"2019-02-20T20:26:32","guid":{"rendered":"http:\/\/polmasters.pl\/?page_id=48"},"modified":"2024-06-06T15:20:23","modified_gmt":"2024-06-06T13:20:23","slug":"kontakt","status":"publish","type":"page","link":"https:\/\/polmasters.pl\/?page_id=48","title":{"rendered":"POLSKA FEDERACJA PODNOSZENIA CI\u0118\u017bAR\u00d3W MASTERS"},"content":{"rendered":"\n<p>95-070 ALEKSANDR\u00d3W \u0141\u00d3DZKI,<br>UL.LEGIONOWA 7\/3 <br>tel.+48 500-611-622,<br>e-mail: kontakt(ma\u0142pa)polmasters.pl<br>www.polmasters.pl <br>NIP: 669-23-96-045 <br>REGON: 320053425<\/p>\n\n\n\n<p> KRS 0000561344  <\/p>\n\n\n\n<p>Nr konta BG\u017bBNP Paribas: 95 1600 1462 1827 8343 5000 0001<\/p>\n\n\n\n<p>Nr konta walutowego: PL 41 1600 1462 1827 8343 5000 0003<\/p>\n\n\n\n<p> Kod SWIFT&nbsp;Bank BNP Paribas: <strong>PPABPLPKXXX<\/strong>  <\/p>\n\n\n\n<p><em>Je\u015bli masz pytania, zapraszamy do kontaktu:<\/em><\/p>\n\n\n\n<div role=\"form\" class=\"wpcf7\" id=\"wpcf7-f661-o1\" lang=\"pl-PL\" dir=\"ltr\">\n<div class=\"screen-reader-response\"><p role=\"status\" aria-live=\"polite\" aria-atomic=\"true\"><\/p> <ul><\/ul><\/div>\n<form action=\"\/index.php?rest_route=%2Fwp%2Fv2%2Fpages%2F48#wpcf7-f661-o1\" method=\"post\" class=\"wpcf7-form init\" novalidate=\"novalidate\" data-status=\"init\">\n<div style=\"display: none;\">\n<input type=\"hidden\" name=\"_wpcf7\" value=\"661\" \/>\n<input type=\"hidden\" name=\"_wpcf7_version\" value=\"5.5.3\" \/>\n<input type=\"hidden\" name=\"_wpcf7_locale\" value=\"pl_PL\" \/>\n<input type=\"hidden\" name=\"_wpcf7_unit_tag\" value=\"wpcf7-f661-o1\" \/>\n<input type=\"hidden\" name=\"_wpcf7_container_post\" value=\"0\" \/>\n<input type=\"hidden\" name=\"_wpcf7_posted_data_hash\" value=\"\" \/>\n<\/div>\n<p><label> Imi\u0119 i nazwisko (wymagane)<br \/>\n    <span class=\"wpcf7-form-control-wrap your-name\"><input type=\"text\" name=\"your-name\" value=\"\" size=\"40\" class=\"wpcf7-form-control wpcf7-text wpcf7-validates-as-required\" aria-required=\"true\" aria-invalid=\"false\" \/><\/span> <\/label><\/p>\n<p><label> Adres email (wymagane)<br \/>\n    <span class=\"wpcf7-form-control-wrap your-email\"><input type=\"email\" name=\"your-email\" value=\"\" size=\"40\" class=\"wpcf7-form-control wpcf7-text wpcf7-email wpcf7-validates-as-required wpcf7-validates-as-email\" aria-required=\"true\" aria-invalid=\"false\" \/><\/span> <\/label><\/p>\n<p><label> Temat<br \/>\n    <span class=\"wpcf7-form-control-wrap your-subject\"><input type=\"text\" name=\"your-subject\" value=\"\" size=\"40\" class=\"wpcf7-form-control wpcf7-text\" aria-invalid=\"false\" \/><\/span> <\/label><\/p>\n<p><label> Tre\u015b\u0107 wiadomo\u015bci<br \/>\n    <span class=\"wpcf7-form-control-wrap your-message\"><textarea name=\"your-message\" cols=\"40\" rows=\"10\" class=\"wpcf7-form-control wpcf7-textarea\" aria-invalid=\"false\"><\/textarea><\/span> <\/label><\/p>\n<p><input type=\"submit\" value=\"Wy\u015blij\" class=\"wpcf7-form-control has-spinner wpcf7-submit\" \/><\/p>\n<div class=\"wpcf7-response-output\" aria-hidden=\"true\"><\/div><\/form><\/div>\n\n\n\n<p><\/p>\n","protected":false},"excerpt":{"rendered":"<p>95-070 ALEKSANDR\u00d3W \u0141\u00d3DZKI,UL.LEGIONOWA 7\/3 tel.+48 500-611-622,e-mail: kontakt(ma\u0142pa)polmasters.plwww.polmasters.pl NIP: 669-23-96-045 REGON: 320053425 KRS 0000561344 Nr konta&#8230;<\/p>\n","protected":false},"author":2,"featured_media":0,"parent":0,"menu_order":0,"comment_status":"closed","ping_status":"closed","template":"","meta":[],"_links":{"self":[{"href":"https:\/\/polmasters.pl\/index.php?rest_route=\/wp\/v2\/pages\/48"}],"collection":[{"href":"https:\/\/polmasters.pl\/index.php?rest_route=\/wp\/v2\/pages"}],"about":[{"href":"https:\/\/polmasters.pl\/index.php?rest_route=\/wp\/v2\/types\/page"}],"author":[{"embeddable":true,"href":"https:\/\/polmasters.pl\/index.php?rest_route=\/wp\/v2\/users\/2"}],"replies":[{"embeddable":true,"href":"https:\/\/polmasters.pl\/index.php?rest_route=%2Fwp%2Fv2%2Fcomments&post=48"}],"version-history":[{"count":16,"href":"https:\/\/polmasters.pl\/index.php?rest_route=\/wp\/v2\/pages\/48\/revisions"}],"predecessor-version":[{"id":2928,"href":"https:\/\/polmasters.pl\/index.php?rest_route=\/wp\/v2\/pages\/48\/revisions\/2928"}],"wp:attachment":[{"href":"https:\/\/polmasters.pl\/index.php?rest_route=%2Fwp%2Fv2%2Fmedia&parent=48"}],"curies":[{"name":"wp","href":"https:\/\/api.w.org\/{rel}","templated":true}]}}