{"id":156,"date":"2019-02-20T22:18:38","date_gmt":"2019-02-20T21:18:38","guid":{"rendered":"http:\/\/polmasters.pl\/?page_id=156"},"modified":"2022-11-23T16:42:36","modified_gmt":"2022-11-23T15:42:36","slug":"komisja-sedziowska","status":"publish","type":"page","link":"https:\/\/polmasters.pl\/?page_id=156","title":{"rendered":"Komisja s\u0119dziowska"},"content":{"rendered":"\n<p><strong>Dominika Misterska-Zasowska<\/strong>&nbsp;\u2013 Przewodnicz\u0105ca<\/p>\n\n\n\n<p><strong>Jacek Zawadzki<\/strong>&nbsp;\u2013 v-ce Przewodnicz\u0105cy<\/p>\n\n\n\n<p><strong>Kamila Sidor-Tomaszek<\/strong><\/p>\n\n\n\n<p><strong>Bogus\u0142aw Mokranowski<\/strong><\/p>\n\n\n\n<p><strong>Roman Wanot<\/strong><\/p>\n\n\n\n<p><strong>Jan Podsiad\u0142y<\/strong><\/p>\n\n\n\n<p><strong>Monika Kary\u015b<\/strong><\/p>\n\n\n\n<p><strong>Daniel Do\u0142ega<\/strong><\/p>\n\n\n\n<p><br> <\/p>\n","protected":false},"excerpt":{"rendered":"<p>Dominika Misterska-Zasowska&nbsp;\u2013 Przewodnicz\u0105ca Jacek Zawadzki&nbsp;\u2013 v-ce Przewodnicz\u0105cy Kamila Sidor-Tomaszek Bogus\u0142aw Mokranowski Roman Wanot Jan Podsiad\u0142y&#8230;<\/p>\n","protected":false},"author":1,"featured_media":0,"parent":0,"menu_order":0,"comment_status":"closed","ping_status":"closed","template":"","meta":[],"_links":{"self":[{"href":"https:\/\/polmasters.pl\/index.php?rest_route=\/wp\/v2\/pages\/156"}],"collection":[{"href":"https:\/\/polmasters.pl\/index.php?rest_route=\/wp\/v2\/pages"}],"about":[{"href":"https:\/\/polmasters.pl\/index.php?rest_route=\/wp\/v2\/types\/page"}],"author":[{"embeddable":true,"href":"https:\/\/polmasters.pl\/index.php?rest_route=\/wp\/v2\/users\/1"}],"replies":[{"embeddable":true,"href":"https:\/\/polmasters.pl\/index.php?rest_route=%2Fwp%2Fv2%2Fcomments&post=156"}],"version-history":[{"count":6,"href":"https:\/\/polmasters.pl\/index.php?rest_route=\/wp\/v2\/pages\/156\/revisions"}],"predecessor-version":[{"id":2097,"href":"https:\/\/polmasters.pl\/index.php?rest_route=\/wp\/v2\/pages\/156\/revisions\/2097"}],"wp:attachment":[{"href":"https:\/\/polmasters.pl\/index.php?rest_route=%2Fwp%2Fv2%2Fmedia&parent=156"}],"curies":[{"name":"wp","href":"https:\/\/api.w.org\/{rel}","templated":true}]}}